 tens digit of 289892?
9
What is the hundreds digit of 1686328?
3
What is the tens digit of 9702487?
8
What is the ten thousands digit of 507786?
0
What is the units digit of 15544889?
9
What is the thousands digit of 248277?
8
What is the hundreds digit of 12272757?
7
What is the hundred thousands digit of 26175698?
1
What is the thousands digit of 29140038?
0
What is the hundreds digit of 162755?
7
What is the tens digit of 12332366?
6
What is the ten thousands digit of 16066066?
6
What is the millions digit of 3175077?
3
What is the hundreds digit of 4010009?
0
What is the ten thousands digit of 178643?
7
What is the hundred thousands digit of 158696?
1
What is the thousands digit of 7052895?
2
What is the hundreds digit of 585850?
8
What is the ten thousands digit of 40607599?
0
What is the hundreds digit of 1431492?
4
What is the ten thousands digit of 154650?
5
What is the ten thousands digit of 647996?
4
What is the units digit of 1028493?
3
What is the hundreds digit of 1616106?
1
What is the ten thousands digit of 5741985?
4
What is the units digit of 1467834?
4
What is the thousands digit of 52448?
2
What is the units digit of 11061342?
2
What is the ten thousands digit of 726679?
2
What is the hundreds digit of 479363?
3
What is the hundreds digit of 4278668?
6
What is the hundred thousands digit of 920000?
9
What is the ten thousands digit of 241484?
4
What is the tens digit of 5968082?
8
What is the tens digit of 2926623?
2
What is the ten thousands digit of 3536412?
3
What is the tens digit of 662271?
7
What is the hundreds digit of 279802?
8
What is the hundred thousands digit of 10062100?
0
What is the tens digit of 15200773?
7
What is the hundred thousands digit of 9749506?
7
What is the hundred thousands digit of 2895316?
8
What is the hundreds digit of 287856?
8
What is the tens digit of 1027362?
6
What is the millions digit of 1199549?
1
What is the millions digit of 1032604?
1
What is the tens digit of 349862?
6
What is the units digit of 190952?
2
What is the units digit of 157537?
7
What is the hundreds digit of 8271201?
2
What is the tens digit of 1254769?
6
What is the units digit of 200382?
2
What is the tens digit of 1222920?
2
What is the hundred thousands digit of 282184?
2
What is the thousands digit of 20566426?
6
What is the units digit of 9222228?
8
What is the tens digit of 237997?
9
What is the units digit of 195500?
0
What is the units digit of 3670598?
8
What is the hundreds digit of 8844147?
1
What is the tens digit of 3536255?
5
What is the millions digit of 1890986?
1
What is the thousands digit of 201035?
1
What is the thousands digit of 946718?
6
What is the hundred thousands digit of 129763?
1
What is the hundreds digit of 599403?
4
What is the hundreds digit of 12577?
5
What is the ten thousands digit of 64222?
6
What is the thousands digit of 3940311?
0
What is the hundred thousands digit of 1763799?
7
What is the units digit of 61118?
8
What is the tens digit of 2358259?
5
What is the hundreds digit of 1197632?
6
What is the tens digit of 15509057?
5
What is the hundreds digit of 819976?
9
What is the tens digit of 4643268?
6
What is the hundred thousands digit of 21975146?
9
What is the hundred thousands digit of 22423611?
4
What is the millions digit of 3278757?
3
What is the units digit of 11333439?
9
What is the thousands digit of 183285?
3
What is the hundred thousands digit of 1800534?
8
What is the ten thousands digit of 110989?
1
What is the hundred thousands digit of 4993992?
9
What is the hundreds digit of 2919578?
5
What is the tens digit of 5681636?
3
What is the units digit of 6095365?
5
What is the millions digit of 16837832?
6
What is the ten thousands digit of 218813?
1
What is the ten thousands digit of 1644273?
4
What is the units digit of 10174922?
2
What is the ten thousands digit of 26681801?
8
What is the thousands digit of 1258463?
8
What is the thousands digit of 99367?
9
What is the hundreds digit of 322008?
0
What is the hundred thousands digit of 938040?
9
What is the thousands digit of 9344947?
4
What is the hundred thousands digit of 315497?
3
What is the thousands digit of 582059?
2
What is the thousands digit of 6412825?
2
What is the tens digit of 13429?
2
What is the ten thousands digit of 642074?
4
What is the ten millions digit of 19880243?
1
What is the millions digit of 4588571?
4
What is the hundreds digit of 252819?
8
What is the ten thousands digit of 714206?
1
What is the tens digit of 843188?
8
What is the hundred thousands digit of 8885940?
8
What is the ten thousands digit of 2014608?
1
What is the ten thousands digit of 5117470?
1
What is the thousands digit of 9680899?
0
What is the thousands digit of 158900?
8
What is the tens digit of 465965?
6
What is the units digit of 96694?
4
What is the thousands digit of 17563?
7
What is the tens digit of 924975?
7
What is the hundred thousands digit of 321239?
3
What is the ten thousands digit of 272184?
7
What is the units digit of 21913179?
9
What is the tens digit of 329342?
4
What is the units digit of 5116610?
0
What is the hundred thousands digit of 2840620?
8
What is the hundreds digit of 17279678?
6
What is the tens digit of 31650?
5
What is the millions digit of 1283902?
1
What is the thousands digit of 1948528?
8
What is the thousands digit of 11204600?
4
What is the units digit of 5419487?
7
What is the units digit of 1147557?
7
What is the hundreds digit of 254487?
4
What is the thousands digit of 2570173?
0
What is the thousands digit of 1474525?
4
What is the hundred thousands digit of 565721?
5
What is the thousands digit of 142710?
2
What is the hundreds digit of 383449?
4
What is the millions digit of 8396469?
8
What is the ten thousands digit of 204021?
0
What is the units digit of 3031614?
4
What is the thousands digit of 26335?
6
What is the hundred thousands digit of 1709452?
7
What is the tens digit of 1108809?
0
What is the hundred thousands digit of 375510?
3
What is the ten thousands digit of 675764?
7
What is the millions digit of 1613535?
1
What is the hundred thousands digit of 177911?
1
What is the units digit of 49927?
7
What is the hundred thousands digit of 162842?
1
What is the units digit of 808337?
7
What is the tens digit of 546538?
3
What is the ten thousands digit of 4766579?
6
What is the hundreds digit of 927255?
2
What is the tens digit of 2838169?
6
What is the hundreds digit of 445992?
9
What is the hundreds digit of 301668?
6
What is the ten thousands digit of 11135266?
3
What is the ten thousands digit of 4119926?
1
What is the ten thousands digit of 383891?
8
What is the hundred thousands digit of 15706511?
7
What is the units digit of 45779?
9
What is the hundred thousands digit of 397907?
3
What is the hundred thousands digit of 1631506?
6
What is the units digit of 8764606?
6
What is the thousands digit of 215496?
5
What is the ten thousands digit of 1697871?
9
What is the thousands digit of 342513?
2
What is the tens digit of 247148?
4
What is the hundreds digit of 141731?
7
What is the hundreds digit of 146006?
0
What is the hundred thousands digit of 26678630?
6
What is the thousands digit of 2425947?
5
What is the hundred thousands digit of 459410?
4
What is the tens digit of 25207960?
6
What is the thousands digit of 20571438?
1
What is the millions digit of 3966174?
3
What is the tens digit of 13614767?
6
What is the units digit of 357361?
1
What is the hundreds digit of 603496?
4
What is the thousands digit of 19132501?
2
What is the units digit of 1734605?
5
What is the units digit of 162224?
4
What is the hundreds digit of 7123764?
7
What is the tens digit of 4607865?
6
What is the ten thousands digit of 732853?
3
What is the thousands digit of 5085144?
5
What is the thousands digit of 29277?
9
What is the units digit of 1170376?
6
What is the hundreds digit of 70994?
9
What is the units digit of 803249?
9
What is the hundreds digit of 415471?
4
What is the thousands digit of 36939?
6
What is the units digit of 650814?
4
What is the ten thousands digit of 6842275?
4
What is the ten thousands digit of 261849?
6
What is the ten thousands digit of 33024422?
2
What is the units digit of 5116185?
5
What is the hundreds digit of 407857?
8
What is the hund